{"text_format":"3","workbook":"xlsx","n_sheets":7,"sheets":["Données","Calculs","Table Paliers","Azote Résiduel","Majoration","Oxygene","Remontée"],"not_rendered":{"images":2,"macros":1,"defined_names":37,"comments":1},"read":"whole","date_system":"1900"}

{"sheet":"Données","index":0,"n_rows":31,"n_cols":9,"rows_kept":31,"merged":[[1,1,31,1],[1,2,1,8],[1,9,31,9],[2,2,3,8],[4,2,4,8],[5,5,24,5],[5,6,5,8],[6,6,6,8],[7,6,7,8],[9,2,9,4],[10,6,10,7],[12,2,12,3],[13,6,13,8],[15,2,15,4],[20,2,20,4],[20,6,20,8],[25,2,25,8],[26,2,28,2],[26,3,28,7],[26,8,28,8],[29,2,29,8],[30,2,30,3],[30,4,30,6],[30,7,30,8]]}
[]
[]
[null,null,"ATTENTION : Ces calculs (base MN90 et PPO2 max 1,6)\nne concernent que les plongées réalisées au niveau de la mer \net hors plongées avec accident de remontée."]
[]
[]
[null,null,"1ere Plong","Nitrox","2eme Plong",null,"S E C O N D E      P L O N G E E"]
[null,null,{"$f":"_Nit1","v":"Air"},"<=%Oxy=>",{"$f":"_Nit2","v":"Air"},null,{"$f":"TypePlongee","v":""}]
[null,null,{"$f":"ProEqui1","v":""},"Prof Equiv",{"$f":"ProEqui2","v":""},null,"D O N N E E S      S A I S I E S"]
[null,null,{"$f":"ProMax1","v":{"v":65,"d":"65 m"}},"Prof Max",{"$f":"ProMax2","v":{"v":65,"d":"65 m"}},null,"Prof Maxi","Durée en mn","Heure début"]
[null,null,"P R E M I E R E      P L O N G E E"]
[null,null,"Prof Maxi","Durée en mn","Heure début",null,"Consommation moyenne :",null,{"$f":"Conso2","v":{"v":20,"d":" 20 l/min"}}]
[{"$nulls":6},"Volume bloc","Pression Ini","Restera"]
[null,null,"Consommation moyenne :",null,{"$f":"Conso1","v":{"v":20,"d":" 20 l/min"}},null,{"v":12,"d":"12.0 litres"},{"v":200,"d":"200 bar"},{"$f":"Pres_Fin_2","v":{"v":200,"d":"200 bar"}}]
[null,null,"Volume bloc","Pression Ini","Restera",null,"D O N N E E S      R E S T I T U E E S"]
[null,null,{"v":12,"d":"12.0 litres"},{"v":200,"d":"200 bar"},{"$f":"Pres_Fin_1","v":{"v":200,"d":"200 bar"}},null,"Intervalle","Majoration","Durée Majorée"]
[null,null,"D O N N E E S      R E S T I T U E E S",{"$nulls":3},{"$f":"Intervalle","v":""},{"$f":"Majoration!F7","v":""},{"$f":"Calculs!F17","v":""}]
[null,null,"Durée Plongée","Remontée","Paliers",null,"Durée Plongée","Remontée","Paliers"]
[null,null,{"$f":"Calculs!E8","v":""},{"$f":"Calculs!F8","v":""},{"$f":"Calculs!G8","v":""},null,{"$f":"Calculs!H17","v":""},{"$f":"Calculs!I17","v":""},{"$f":"Calculs!J17","v":""}]
[null,null,"Prof corrigée","Durée Corrigée","Heure sortie",null,"Prof corrigée","Durée Corrigée","Heure sortie"]
[null,null,{"$f":"Calculs!B11","v":""},{"$f":"Calculs!C11","v":""},{"$f":"Calculs!I8","v":""},null,{"$f":"Calculs!B20","v":""},{"$f":"Calculs!C20","v":""},{"$f":"Calculs!L17","v":""}]
[null,null,"P A L I E R S      E T      G P S",{"$nulls":3},"P A L I E R S      E T      G P S"]
[null,null,"15 m","12 m","9 m",null,"15 m","12 m","9 m"]
[null,null,{"$f":"Calculs!D11","v":""},{"$f":"Calculs!E11","v":""},{"$f":"Calculs!F11","v":""},null,{"$f":"Calculs!F20","v":""},{"$f":"Calculs!G20","v":""},{"$f":"Calculs!H20","v":""}]
[null,null,"6 m","3 m","GPS",null,"6 m","3 m","GPS"]
[null,null,{"$f":"Calculs!G11","v":""},{"$f":"Calculs!H11","v":""},{"$f":"Calculs!I11","v":""},null,{"$f":"Calculs!I20","v":""},{"$f":"Calculs!J20","v":""},{"$f":"Calculs!K20","v":""}]
[]
[{"$nulls":3},"Ce fichier est protégé afin d'éviter toute modification des tables et des résultats.\nVérifiez manuellement tous les résultats obtenus."]
[]
[]
[]
[{"$nulls":4},"http://esdplongee.fr"]

{"sheet":"Calculs","index":1,"n_rows":329,"n_cols":15,"rows_kept":329,"hidden":true,"merged":[[1,1,3,5],[5,1,5,8],[8,1,8,8],[14,1,14,11],[17,1,17,10],[18,3,18,4],[19,3,19,4],[21,5,21,6],[27,1,27,2]]}
[]
[null,"NE PAS MODIFIER CES TABLEAUX"]
[]
[]
[]
[null,"P A R A M E T R E S      D E      L A      P R E M I E R E      P L O N G E E",{"$nulls":7},"Conso",20]
[null,"Prof Maxi","Durée en mn","Heure début","Durée Plongée","Remontée","Paliers","Durée Totale","Heure sortie","Volume bloc","Pression ini","Volume Ini"]
[null,{"$f":"IF(Données!C12=\"\",\"\",ProEqui1)","v":""},{"$f":"IF(Données!D12=\"\",\"\",Données!D12)","v":""},{"$f":"IF(Données!E12=\"\",\"\",Données!E12)","v":""},{"$f":"IF(_Dur1=\"\",\"\",_Dur1/1440)","v":""},{"$f":"IF(Prof1=\"\",\"\",Remontée!$E$7)","v":""},{"$f":"IF(SUM($D$11:$H$11)=0,\"\",SUM($D$11:$H$11))","v":""},{"$f":"IF(SUM($E$8:$G$8)=0,\"\",SUM($E$8:$G$8))","v":""},{"$f":"IF(OR(D8=\"\",H8=\"\"),\"\",HeureDeb1+SUM($E$8:$G$8))","v":""},{"$f":"Données!C15","v":{"v":12,"d":"12.0 litres"}},{"$f":"Données!D15","v":{"v":200,"d":"200 bar"}},{"$f":"Vol_Bloc_1*Pres_Bloc_1","v":{"v":2400,"d":"2400 litres"}}]
[null,"D O N N E E S      C O R R I G E E S      O U      R E S T I T U E E S",{"$nulls":7},"Plongee","Remontee","Total"]
[null,"Prof","Durée Corrigée","15 m","12 m","9 m","6 m","3 m","GPS",{"$f":"IF(OR(Prof1=\"\",_Dur1=\"\"),0,Conso1*C12*_Dur1)","v":{"v":0,"d":"0 litres"}},{"$f":"SUM(D12:I12)","v":{"v":0,"d":"0 litres"}},{"$f":"J10+K10","v":{"v":0,"d":"0 litres"}}]
[null,{"$f":"IF(Prof1=\"\",\"\",IF(Prof1<6,6,IF(ISERROR(INDEX('Table Paliers'!$L$6:$L$31,MATCH(B$8,'Table Paliers'!$L$6:$L$31,0))),INDEX('Table Paliers'!$L$6:$L$31,MATCH(B$8,'Table Paliers'!$L$6:$L$31,1)+1),INDEX('Table Paliers'!$L$6:$L$31,MATCH(B$8,'Table Paliers'!$L$6:$L$31,0)))))","v":""},{"$f":"IF(OR(_Dur1=\"\",Prof1=\"\"),\"\",IF(_Dur1>'Table Paliers'!$O$46,\"Interdit\",IF(ISERROR(INDEX('Table Paliers'!$O$6:$O$46,MATCH(_Dur1,'Table Paliers'!$O$6:$O$46,0))),INDEX('Table Paliers'!$O$6:$O$46,MATCH(_Dur1,'Table Paliers'!$O$6:$O$46,1)+1),INDEX('Table Paliers'!$O$6:$O$46,MATCH(_Dur1,'Table Paliers'!$O$6:$O$46,0)))))","v":""},{"$f":"IF(ISERROR(DGET('Table Paliers'!$B$6:$J$370,D$10,$B$10:$C$11)),\"\",DGET('Table Paliers'!$B$6:$J$370,D$10,$B$10:$C$11)/1440)","v":""},{"$f":"IF(ISERROR(DGET('Table Paliers'!$B$6:$J$370,E$10,$B$10:$C$11)),\"\",DGET('Table Paliers'!$B$6:$J$370,E$10,$B$10:$C$11)/1440)","v":""},{"$f":"IF(ISERROR(DGET('Table Paliers'!$B$6:$J$370,F$10,$B$10:$C$11)),\"\",DGET('Table Paliers'!$B$6:$J$370,F$10,$B$10:$C$11)/1440)","v":""},{"$f":"IF(ISERROR(DGET('Table Paliers'!$B$6:$J$370,G$10,$B$10:$C$11)),\"\",DGET('Table Paliers'!$B$6:$J$370,G$10,$B$10:$C$11)/1440)","v":""},{"$f":"IF(ISERROR(DGET('Table Paliers'!$B$6:$J$370,H$10,$B$10:$C$11)),\"\",DGET('Table Paliers'!$B$6:$J$370,H$10,$B$10:$C$11)/1440)","v":""},{"$f":"IF(ISERROR(DGET('Table Paliers'!$B$6:$J$370,I$10,$B$10:$C$11)),\"\",DGET('Table Paliers'!$B$6:$J$370,I$10,$B$10:$C$11))","v":""},"Reste",{"$f":"L8-L10","v":{"v":2400,"d":"2400 litres"}},{"$f":"INT(K11/Vol_Bloc_1)","v":{"v":200,"d":"200 bar"}}]
[null,"Pression",{"$f":"IF(Prof1=\"\",\"\",(Prof1+10)/10)","v":""},{"$f":"IF(D11=\"\",0,(Conso1*2.5)*MINUTE(D11))","v":{"v":0,"d":"0 litres"}},{"$f":"IF(E11=\"\",0,(Conso1*2.2)*MINUTE(E11))","v":{"v":0,"d":"0 litres"}},{"$f":"IF(F11=\"\",0,(Conso1*1.9)*MINUTE(F11))","v":{"v":0,"d":"0 litres"}},{"$f":"IF(G11=\"\",0,(Conso1*1.6)*MINUTE(G11))","v":{"v":0,"d":"0 litres"}},{"$f":"IF(H11=\"\",0,(Conso1*1.3)*MINUTE(H11))","v":{"v":0,"d":"0 litres"}},{"$f":"IF(F8=\"\",0,(Conso1*C12)*MINUTE(F8)/2)","v":{"v":0,"d":"0 litres"}}]
[]
[]
[null,"P A R A M E T R E S      D E      L A      S E C O N D E      P L O N G E E      ( C O N S E C U T I V E )",{"$nulls":10},"Volume bloc","Pression ini","Volume Ini"]
[null,"Prof Maxi","Durée en mn","Heure début","Majoration","Durée Majorée","Intervalle","Durée Plongée","Remontée","Paliers","Durée Totale","Heure sortie",{"$f":"Données!G13","v":{"v":12,"d":"12.0 litres"}},{"$f":"Données!H13","v":{"v":200,"d":"200 bar"}},{"$f":"Vol_Bloc_2*Pres_Bloc_2","v":{"v":2400,"d":"2400 litres"}}]
[null,{"$f":"IF(Données!G10=\"\",\"\",ProEqui2)","v":""},{"$f":"IF(Données!H10=\"\",\"\",Données!H10)","v":""},{"$f":"IF(Données!I10=\"\",\"\",Données!I10)","v":""},{"$f":"IF(ISERROR(B24),\"\",B24)","v":"00:00:00"},{"$f":"IF(ISERROR(C24),\"\",C24)","v":""},{"$f":"IF(ISERROR(D24),\"\",D24)","v":""},{"$f":"IF(OR(_Dur2=\"\",B17=\"\"),\"\",C17/1440)","v":""},{"$f":"IF(B17=\"\",\"\",Remontée!$E$10)","v":""},{"$f":"IF(SUM(F20:J20)=0,\"\",SUM(F20:J20))","v":""},{"$f":"IF(SUM(H17:J17)=0,\"\",SUM(H17:J17))","v":""},{"$f":"IF(OR(D17=\"\",K17=\"\",HeureDeb1=\"\"),\"\",HeureDeb2+K17)","v":""},"Plongee","Remontee","Total"]
[null,"D O N N E E S      C O R R I G E E S      O U      R E S T I T U E E S",{"$nulls":9},"Conso 2",{"$f":"IF(OR(Prof2=\"\",_Dur2=\"\"),0,Conso2*C21*_Dur2)","v":{"v":0,"d":"0 litres"}},{"$f":"SUM(F21:K21)","v":{"v":0,"d":"0 litres"}},{"$f":"M18+N18","v":{"v":0,"d":"0 litres"}}]
[null,"Prof","Durée Corrigée","Heure début corrigée",null,"15 m","12 m","9 m","6 m","3 m","GPS",20,"Reste",{"$f":"O16-O18","v":{"v":2400,"d":"2400 litres"}},{"$f":"INT(N19/Vol_Bloc_2)","v":{"v":200,"d":"200 bar"}}]
[null,{"$f":"IF($G$17<'Azote Résiduel'!$C$12,MAX(ProfC1,IF(ISERROR(INDEX('Table Paliers'!$L$6:$L$31,MATCH(B$17,'Table Paliers'!$L$6:$L$31,0))),INDEX('Table Paliers'!$L$6:$L$31,MATCH(B$17,'Table Paliers'!$L$6:$L$31,1)+1),INDEX('Table Paliers'!$L$6:$L$31,MATCH(B$17,'Table Paliers'!$L$6:$L$31,0)))),IF(B17=\"\",\"\",IF(ISERROR(INDEX('Table Paliers'!$L$6:$L$31,MATCH(B$17,'Table Paliers'!$L$6:$L$31,0))),INDEX('Table Paliers'!$L$6:$L$31,MATCH(B$17,'Table Paliers'!$L$6:$L$31,1)+1),INDEX('Table Paliers'!$L$6:$L$31,MATCH(B$17,'Table Paliers'!$L$6:$L$31,0)))))","v":""},{"$f":"IF(OR(_Dur2=\"\",Prof2=\"\",G17=\"Impossible\",G17=\"\"),\"\",IF($C$24>'Table Paliers'!$R$46,\"Interdit\",IF(ISERROR(INDEX('Table Paliers'!$R$6:$R$46,MATCH(C$24,'Table Paliers'!$R$6:$R$46,0))),INDEX('Table Paliers'!$R$6:$R$46,MATCH(C$24,'Table Paliers'!$R$6:$R$46,1)+1),INDEX('Table Paliers'!$R$6:$R$46,MATCH(C$24,'Table Paliers'!$R$6:$R$46,0)))))","v":""},{"$f":"IF(HeureDeb2<HeureDeb1,HeureDeb2+1,IF(HeureDeb2<HeureSortie1,\"Pas sorti\",HeureDeb2))","v":""},null,{"$f":"IF(ISERROR(DGET('Table Paliers'!$B$6:$J$370,D$10,$B$19:$C$20)),\"\",DGET('Table Paliers'!$B$6:$J$370,D$10,$B$19:$C$20)/1440)","v":""},{"$f":"IF(ISERROR(DGET('Table Paliers'!$B$6:$J$370,E$10,$B$19:$C$20)),\"\",DGET('Table Paliers'!$B$6:$J$370,E$10,$B$19:$C$20)/1440)","v":""},{"$f":"IF(ISERROR(DGET('Table Paliers'!$B$6:$J$370,F$10,$B$19:$C$20)),\"\",DGET('Table Paliers'!$B$6:$J$370,F$10,$B$19:$C$20)/1440)","v":""},{"$f":"IF(ISERROR(DGET('Table Paliers'!$B$6:$J$370,G$10,$B$19:$C$20)),\"\",DGET('Table Paliers'!$B$6:$J$370,G$10,$B$19:$C$20)/1440)","v":""},{"$f":"IF(ISERROR(DGET('Table Paliers'!$B$6:$J$370,H$10,$B$19:$C$20)),\"\",DGET('Table Paliers'!$B$6:$J$370,H$10,$B$19:$C$20)/1440)","v":""},{"$f":"IF(ISERROR(DGET('Table Paliers'!$B$6:$J$370,I$10,$B$19:$C$20)),\"\",DGET('Table Paliers'!$B$6:$J$370,I$10,$B$19:$C$20))","v":""}]
[null,"Pression",{"$f":"IF(Prof2=\"\",\"\",(Prof2+10)/10)","v":""},null,null,{"$f":"IF(F20=\"\",0,(Conso2*2.5)*MINUTE(F20))","v":{"v":0,"d":"0 litres"}},{"$f":"IF(G20=\"\",0,(Conso2*2.2)*MINUTE(G20))","v":{"v":0,"d":"0 litres"}},{"$f":"IF(H20=\"\",0,(Conso2*1.9)*MINUTE(H20))","v":{"v":0,"d":"0 litres"}},{"$f":"IF(I20=\"\",0,(Conso2*1.6)*MINUTE(I20))","v":{"v":0,"d":"0 litres"}},{"$f":"IF(J20=\"\",0,(Conso2*1.3)*MINUTE(J20))","v":{"v":0,"d":"0 litres"}},{"$f":"IF(I17=\"\",0,(Conso2*C21)*MINUTE(I17)/2)","v":{"v":0,"d":"0 litres"}}]
[{"$nulls":5},21,null,"Azote","Prof réelle","Prof équiv","Prof Maxi"]
[null,"Majoration","Durée Majorée","Intervalle","Plon 1",21,{"$f":"IF(Nitrox1=21,\"Air\",Nitrox1)","v":"Air"},{"$f":"100-Nitrox1","v":79},{"$f":"IF(ProfIni1=\"\",\"\",ProfIni1)","v":""},{"$f":"IF(I23=\"\",\"\",ROUNDUP(((I23+10)*H23/79)-10,0))","v":""},{"$f":"IF(((160/Nitrox1)-1)*10>65,65,((160/Nitrox1)-1)*10)","v":{"v":65,"d":"65 m"}}]
[null,{"$f":"IF(OR(Intervalle<'Azote Résiduel'!C12,Intervalle>'Azote Résiduel'!AB12),0,Majoration!$F$7)","v":"00:00:00"},{"$f":"IF(OR(_Dur2=\"\",Prof2=\"\",D17=\"\"),\"\",IF(Intervalle<'Azote Résiduel'!$C$12,(_Dur1+_Dur2),IF(OR(I11=\"\",Intervalle>'Azote Résiduel'!$AB$12),_Dur2,(_Dur2+Majoration))))","v":""},{"$f":"IF(OR(HeureSortie1=\"\",D20=\"\"),\"\",IF(D20=\"Pas sorti\",\"Pas sorti\",IF(D20-HeureSortie1>1,D20-HeureSortie1-1,D20-HeureSortie1)))","v":""},"Plon 2",21,{"$f":"IF(Nitrox2=21,\"Air\",Nitrox2)","v":"Air"},{"$f":"100-Nitrox2","v":79},{"$f":"IF(ProfIni2=\"\",\"\",ProfIni2)","v":""},{"$f":"IF(I24=\"\",\"\",ROUNDUP(((I24+10)*H24/79)-10,0))","v":""},{"$f":"IF(((160/Nitrox2)-1)*10>65,65,((160/Nitrox2)-1)*10)","v":{"v":65,"d":"65 m"}}]
[]
[]
[]
[null,"Listes"]
[null,"Pression","Volume"]
[null,1,1]
[null,2,1.5]
[null,3,2]
[null,4,2.5]
[null,5,3]
[null,6,3.5]
[null,7,4]
[null,8,4.5]
[null,9,5]
[null,10,5.5]
[null,11,6]
[null,12,6.5]
[null,13,7]
[null,14,7.5]
[null,15,8]
[null,16,8.5]
[null,17,9]
[null,18,9.5]
[null,19,10]
[null,20,10.5]
[null,21,11]
[null,22,11.5]
[null,23,12]
[null,24,12.5]
[null,25,13]
[null,26,13.5]
[null,27,14]
[null,28,14.5]
[null,29,15]
[null,30,16]
[null,31,17]
[null,32,18]
[null,33,19]
[null,34,20]
[null,35,21]
[null,36,22]
[null,37,23]
[null,38,24]
[null,39,25]
[null,40,26]
[null,41,27]
[null,42,28]
[null,43,29]
[null,44,30]
[null,45,31]
[null,46,32]
[null,47,33]
[null,48,34]
[null,49,35]
[null,50,36]
[null,51,37]
[null,52,38]
[null,53,39]
[null,54,40]
[null,55,41]
[null,56,42]
[null,57,43]
[null,58,44]
[null,59,45]
[null,60,46]
[null,61,47]
[null,62,48]
[null,63,49]
[null,64,50]
[null,65]
[null,66]
[null,67]
[null,68]
[null,69]
[null,70]
[null,71]
[null,72]
[null,73]
[null,74]
[null,75]
[null,76]
[null,77]
[null,78]
[null,79]
[null,80]
[null,81]
[null,82]
[null,83]
[null,84]
[null,85]
[null,86]
[null,87]
[null,88]
[null,89]
[null,90]
[null,91]
[null,92]
[null,93]
[null,94]
[null,95]
[null,96]
[null,97]
[null,98]
[null,99]
[null,100]
[null,101]
[null,102]
[null,103]
[null,104]
[null,105]
[null,106]
[null,107]
[null,108]
[null,109]
[null,110]
[null,111]
[null,112]
[null,113]
[null,114]
[null,115]
[null,116]
[null,117]
[null,118]
[null,119]
[null,120]
[null,121]
[null,122]
[null,123]
[null,124]
[null,125]
[null,126]
[null,127]
[null,128]
[null,129]
[null,130]
[null,131]
[null,132]
[null,133]
[null,134]
[null,135]
[null,136]
[null,137]
[null,138]
[null,139]
[null,140]
[null,141]
[null,142]
[null,143]
[null,144]
[null,145]
[null,146]
[null,147]
[null,148]
[null,149]
[null,150]
[null,151]
[null,152]
[null,153]
[null,154]
[null,155]
[null,156]
[null,157]
[null,158]
[null,159]
[null,160]
[null,161]
[null,162]
[null,163]
[null,164]
[null,165]
[null,166]
[null,167]
[null,168]
[null,169]
[null,170]
[null,171]
[null,172]
[null,173]
[null,174]
[null,175]
[null,176]
[null,177]
[null,178]
[null,179]
[null,180]
[null,181]
[null,182]
[null,183]
[null,184]
[null,185]
[null,186]
[null,187]
[null,188]
[null,189]
[null,190]
[null,191]
[null,192]
[null,193]
[null,194]
[null,195]
[null,196]
[null,197]
[null,198]
[null,199]
[null,200]
[null,201]
[null,202]
[null,203]
[null,204]
[null,205]
[null,206]
[null,207]
[null,208]
[null,209]
[null,210]
[null,211]
[null,212]
[null,213]
[null,214]
[null,215]
[null,216]
[null,217]
[null,218]
[null,219]
[null,220]
[null,221]
[null,222]
[null,223]
[null,224]
[null,225]
[null,226]
[null,227]
[null,228]
[null,229]
[null,230]
[null,231]
[null,232]
[null,233]
[null,234]
[null,235]
[null,236]
[null,237]
[null,238]
[null,239]
[null,240]
[null,241]
[null,242]
[null,243]
[null,244]
[null,245]
[null,246]
[null,247]
[null,248]
[null,249]
[null,250]
[null,251]
[null,252]
[null,253]
[null,254]
[null,255]
[null,256]
[null,257]
[null,258]
[null,259]
[null,260]
[null,261]
[null,262]
[null,263]
[null,264]
[null,265]
[null,266]
[null,267]
[null,268]
[null,269]
[null,270]
[null,271]
[null,272]
[null,273]
[null,274]
[null,275]
[null,276]
[null,277]
[null,278]
[null,279]
[null,280]
[null,281]
[null,282]
[null,283]
[null,284]
[null,285]
[null,286]
[null,287]
[null,288]
[null,289]
[null,290]
[null,291]
[null,292]
[null,293]
[null,294]
[null,295]
[null,296]
[null,297]
[null,298]
[null,299]
[null,300]

{"sheet":"Table Paliers","index":2,"n_rows":382,"n_cols":18,"rows_kept":382,"hidden":true,"merged":[[1,1,3,9],[4,12,4,14],[4,15,4,17],[373,1,374,1],[373,2,374,9],[375,1,376,1],[375,2,376,9],[377,1,378,3],[377,4,378,9],[379,1,380,1],[379,2,380,9],[381,1,382,1],[381,2,382,9]]}
[]
[null,"NE PAS MODIFIER CES TABLEAUX"]
[]
[]
[{"$nulls":12},"Plongée 1",null,null,"Plongée 2"]
[null,"Prof","Durée Corrigée","15 m","12 m","9 m","6 m","3 m","DTR","GPS",null,"Profondeurs","Prof Maxi",null,"Durée selon Prof","Prof Maxi",null,"Durée selon Prof"]
[null,{"v":6,"d":"6 m"},{"v":15,"d":"15' "},{"$nulls":5},1,"A",null,{"v":6,"d":"6 m"},{"$f":"Calculs!$B$11","v":""},0,{"$f":"INDEX($C$6:$C$370,MATCH($M$7,$B$6:$B$370,0))","v":{"$error":"#N/A"}},{"$f":"Calculs!$B$20","v":""},0,{"$f":"INDEX($C$6:$C$370,MATCH($P$7,$B$6:$B$370,0))","v":{"$error":"#N/A"}}]
[null,{"v":6,"d":"6 m"},{"v":30,"d":"30' "},{"$nulls":5},1,"B",null,{"v":8,"d":"8 m"},"Nb Durées",{"$f":"IF(N7<$M$9,N7+1,N7)","v":0},{"$f":"INDEX($C$6:$C$370,MATCH($M$7,$B$6:$B$370,0)+N8)","v":{"$error":"#N/A"}},"Nb Durées",{"$f":"IF(Q7<$P$9,Q7+1,Q7)","v":0},{"$f":"INDEX($C$6:$C$370,MATCH($P$7,$B$6:$B$370,0)+Q8)","v":{"$error":"#N/A"}}]
[null,{"v":6,"d":"6 m"},{"v":45,"d":"45' "},{"$nulls":5},1,"C",null,{"v":10,"d":"10 m"},{"$f":"COUNTIF($B$7:$B$370,$M$7)-1","v":-1},0,{"$error":"#N/A"},{"$f":"COUNTIF($B$7:$B$370,$P$7)-1","v":-1},0,{"$error":"#N/A"}]
[null,{"v":6,"d":"6 m"},{"v":75,"d":"75' "},{"$nulls":5},1,"D",null,{"v":12,"d":"12 m"},null,0,{"$error":"#N/A"},null,0,{"$error":"#N/A"}]
[null,{"v":6,"d":"6 m"},{"v":105,"d":"105' "},{"$nulls":5},1,"E",null,{"v":15,"d":"15 m"},null,0,{"$error":"#N/A"},null,0,{"$error":"#N/A"}]
[null,{"v":6,"d":"6 m"},{"v":135,"d":"135' "},{"$nulls":5},1,"F",null,{"v":18,"d":"18 m"},null,0,{"$error":"#N/A"},null,0,{"$error":"#N/A"}]
[null,{"v":6,"d":"6 m"},{"v":180,"d":"180' "},{"$nulls":5},1,"G",null,{"v":20,"d":"20 m"},null,0,{"$error":"#N/A"},null,0,{"$error":"#N/A"}]
[null,{"v":6,"d":"6 m"},{"v":240,"d":"240' "},{"$nulls":5},1,"H",null,{"v":22,"d":"22 m"},null,0,{"$error":"#N/A"},null,0,{"$error":"#N/A"}]
[null,{"v":6,"d":"6 m"},{"v":315,"d":"315' "},{"$nulls":5},1,"I",null,{"v":25,"d":"25 m"},null,0,{"$error":"#N/A"},null,0,{"$error":"#N/A"}]
[null,{"v":6,"d":"6 m"},{"v":360,"d":"360' "},{"$nulls":5},1,"J",null,{"v":28,"d":"28 m"},null,0,{"$error":"#N/A"},null,0,{"$error":"#N/A"}]
[null,{"v":8,"d":"8 m"},{"v":15,"d":"15' "},{"$nulls":5},1,"B",null,{"v":30,"d":"30 m"},null,0,{"$error":"#N/A"},null,0,{"$error":"#N/A"}]
[null,{"v":8,"d":"8 m"},{"v":30,"d":"30' "},{"$nulls":5},1,"C",null,{"v":32,"d":"32 m"},null,0,{"$error":"#N/A"},null,0,{"$error":"#N/A"}]
[null,{"v":8,"d":"8 m"},{"v":45,"d":"45' "},{"$nulls":5},1,"D",null,{"v":35,"d":"35 m"},null,0,{"$error":"#N/A"},null,0,{"$error":"#N/A"}]
[null,{"v":8,"d":"8 m"},{"v":60,"d":"60' "},{"$nulls":5},1,"E",null,{"v":38,"d":"38 m"},null,0,{"$error":"#N/A"},null,0,{"$error":"#N/A"}]
[null,{"v":8,"d":"8 m"},{"v":90,"d":"90' "},{"$nulls":5},1,"F",null,{"v":40,"d":"40 m"},null,0,{"$error":"#N/A"},null,0,{"$error":"#N/A"}]
[null,{"v":8,"d":"8 m"},{"v":105,"d":"105' "},{"$nulls":5},1,"G",null,{"v":42,"d":"42 m"},null,0,{"$error":"#N/A"},null,0,{"$error":"#N/A"}]
[null,{"v":8,"d":"8 m"},{"v":135,"d":"135' "},{"$nulls":5},1,"H",null,{"v":45,"d":"45 m"},null,0,{"$error":"#N/A"},null,0,{"$error":"#N/A"}]
[null,{"v":8,"d":"8 m"},{"v":165,"d":"165' "},{"$nulls":5},1,"I",null,{"v":48,"d":"48 m"},null,0,{"$error":"#N/A"},null,0,{"$error":"#N/A"}]
[null,{"v":8,"d":"8 m"},{"v":195,"d":"195' "},{"$nulls":5},1,"J",null,{"v":50,"d":"50 m"},null,0,{"$error":"#N/A"},null,0,{"$error":"#N/A"}]
[null,{"v":8,"d":"8 m"},{"v":255,"d":"255' "},{"$nulls":5},1,"K",null,{"v":52,"d":"52 m"},null,0,{"$error":"#N/A"},null,0,{"$error":"#N/A"}]
[null,{"v":8,"d":"8 m"},{"v":300,"d":"300' "},{"$nulls":5},1,"L",null,{"v":55,"d":"55 m"},null,0,{"$error":"#N/A"},null,0,{"$error":"#N/A"}]
[null,{"v":8,"d":"8 m"},{"v":360,"d":"360' "},{"$nulls":5},1,"M",null,{"v":58,"d":"58 m"},null,0,{"$error":"#N/A"},null,0,{"$error":"#N/A"}]
[null,{"v":10,"d":"10 m"},{"v":15,"d":"15' "},{"$nulls":5},1,"B",null,{"v":60,"d":"60 m"},null,0,{"$error":"#N/A"},null,0,{"$error":"#N/A"}]
[null,{"v":10,"d":"10 m"},{"v":30,"d":"30' "},{"$nulls":5},1,"C",null,{"v":62,"d":"62 m"},null,0,{"$error":"#N/A"},null,0,{"$error":"#N/A"}]
[null,{"v":10,"d":"10 m"},{"v":45,"d":"45' "},{"$nulls":5},1,"D",null,{"v":65,"d":"65 m"},null,0,{"$error":"#N/A"},null,0,{"$error":"#N/A"}]
[null,{"v":10,"d":"10 m"},{"v":60,"d":"60' "},{"$nulls":5},1,"F",{"$nulls":3},0,{"$error":"#N/A"},null,0,{"$error":"#N/A"}]
[null,{"v":10,"d":"10 m"},{"v":75,"d":"75' "},{"$nulls":5},1,"G",{"$nulls":3},0,{"$error":"#N/A"},null,0,{"$error":"#N/A"}]
[null,{"v":10,"d":"10 m"},{"v":105,"d":"105' "},{"$nulls":5},1,"H",{"$nulls":3},0,{"$error":"#N/A"},null,0,{"$error":"#N/A"}]
[null,{"v":10,"d":"10 m"},{"v":120,"d":"120' "},{"$nulls":5},1,"I",{"$nulls":3},0,{"$error":"#N/A"},null,0,{"$error":"#N/A"}]
[null,{"v":10,"d":"10 m"},{"v":135,"d":"135' "},{"$nulls":5},1,"J",{"$nulls":3},0,{"$error":"#N/A"},null,0,{"$error":"#N/A"}]
[null,{"v":10,"d":"10 m"},{"v":165,"d":"165' "},{"$nulls":5},1,"K",{"$nulls":3},0,{"$error":"#N/A"},null,0,{"$error":"#N/A"}]
[null,{"v":10,"d":"10 m"},{"v":180,"d":"180' "},{"$nulls":5},1,"L",{"$nulls":3},0,{"$error":"#N/A"},null,0,{"$error":"#N/A"}]
[null,{"v":10,"d":"10 m"},{"v":240,"d":"240' "},{"$nulls":5},1,"M",{"$nulls":3},0,{"$error":"#N/A"},null,0,{"$error":"#N/A"}]
[null,{"v":10,"d":"10 m"},{"v":255,"d":"255' "},{"$nulls":5},1,"N",{"$nulls":3},0,{"$error":"#N/A"},null,0,{"$error":"#N/A"}]
[null,{"v":10,"d":"10 m"},{"v":315,"d":"315' "},{"$nulls":5},1,"O",{"$nulls":3},0,{"$error":"#N/A"},null,0,{"$error":"#N/A"}]
[null,{"v":10,"d":"10 m"},{"v":330,"d":"330' "},{"$nulls":5},1,"P",{"$nulls":3},0,{"$error":"#N/A"},null,0,{"$error":"#N/A"}]
[null,{"v":10,"d":"10 m"},{"v":360,"d":"360' "},{"$nulls":4},1,2,"P",{"$nulls":3},0,{"$error":"#N/A"},null,0,{"$error":"#N/A"}]
[null,{"v":12,"d":"12 m"},{"v":5,"d":"5' "},{"$nulls":5},1,"A",{"$nulls":3},0,{"$error":"#N/A"},null,0,{"$error":"#N/A"}]
[null,{"v":12,"d":"12 m"},{"v":10,"d":"10' "},{"$nulls":5},1,"B",{"$nulls":3},0,{"$error":"#N/A"},null,0,{"$error":"#N/A"}]
[null,{"v":12,"d":"12 m"},{"v":15,"d":"15' "},{"$nulls":5},1,"B",{"$nulls":3},0,{"$error":"#N/A"},null,0,{"$error":"#N/A"}]
[null,{"v":12,"d":"12 m"},{"v":20,"d":"20' "},{"$nulls":5},1,"C"]
[null,{"v":12,"d":"12 m"},{"v":25,"d":"25' "},{"$nulls":5},1,"C"]
[null,{"v":12,"d":"12 m"},{"v":30,"d":"30' "},{"$nulls":5},1,"D"]
[null,{"v":12,"d":"12 m"},{"v":35,"d":"35' "},{"$nulls":5},1,"D"]
[null,{"v":12,"d":"12 m"},{"v":40,"d":"40' "},{"$nulls":5},1,"E"]
[null,{"v":12,"d":"12 m"},{"v":45,"d":"45' "},{"$nulls":5},1,"E"]
[null,{"v":12,"d":"12 m"},{"v":50,"d":"50' "},{"$nulls":5},1,"F"]
[null,{"v":12,"d":"12 m"},{"v":55,"d":"55' "},{"$nulls":5},1,"F"]
[null,{"v":12,"d":"12 m"},{"v":60,"d":"60' "},{"$nulls":5},1,"G"]
[null,{"v":12,"d":"12 m"},{"v":65,"d":"65' "},{"$nulls":5},1,"G"]
[null,{"v":12,"d":"12 m"},{"v":70,"d":"70' "},{"$nulls":5},1,"H"]
[null,{"v":12,"d":"12 m"},{"v":75,"d":"75' "},{"$nulls":5},1,"H"]
[null,{"v":12,"d":"12 m"},{"v":80,"d":"80' "},{"$nulls":5},1,"H"]
[null,{"v":12,"d":"12 m"},{"v":85,"d":"85' "},{"$nulls":5},1,"I"]
[null,{"v":12,"d":"12 m"},{"v":90,"d":"90' "},{"$nulls":5},1,"I"]
[null,{"v":12,"d":"12 m"},{"v":95,"d":"95' "},{"$nulls":5},1,"J"]
[null,{"v":12,"d":"12 m"},{"v":100,"d":"100' "},{"$nulls":5},1,"J"]
[null,{"v":12,"d":"12 m"},{"v":105,"d":"105' "},{"$nulls":5},1,"J"]
[null,{"v":12,"d":"12 m"},{"v":110,"d":"110' "},{"$nulls":5},1,"K"]
[null,{"v":12,"d":"12 m"},{"v":115,"d":"115' "},{"$nulls":5},1,"K"]
[null,{"v":12,"d":"12 m"},{"v":120,"d":"120' "},{"$nulls":5},1,"K"]
[null,{"v":12,"d":"12 m"},{"v":130,"d":"130' "},{"$nulls":5},1,"L"]
[null,{"v":12,"d":"12 m"},{"v":135,"d":"135' "},{"$nulls":5},1,"L"]
[null,{"v":12,"d":"12 m"},{"v":140,"d":"140' "},{"$nulls":4},2,4,"L"]
[null,{"v":12,"d":"12 m"},{"v":150,"d":"150' "},{"$nulls":4},4,6,"M"]
[null,{"v":12,"d":"12 m"},{"v":160,"d":"160' "},{"$nulls":4},6,8,"M"]
[null,{"v":12,"d":"12 m"},{"v":170,"d":"170' "},{"$nulls":4},7,9,"N"]
[null,{"v":12,"d":"12 m"},{"v":180,"d":"180' "},{"$nulls":4},9,11,"N"]
[null,{"v":12,"d":"12 m"},{"v":190,"d":"190' "},{"$nulls":4},11,13,"N"]
[null,{"v":12,"d":"12 m"},{"v":200,"d":"200' "},{"$nulls":4},13,15,"O"]
[null,{"v":12,"d":"12 m"},{"v":210,"d":"210' "},{"$nulls":4},14,16,"O"]
[null,{"v":12,"d":"12 m"},{"v":220,"d":"220' "},{"$nulls":4},15,17,"O"]
[null,{"v":12,"d":"12 m"},{"v":230,"d":"230' "},{"$nulls":4},16,18,"O"]
[null,{"v":12,"d":"12 m"},{"v":240,"d":"240' "},{"$nulls":4},17,19,"O"]
[null,{"v":12,"d":"12 m"},{"v":250,"d":"250' "},{"$nulls":4},18,20,"P"]
[null,{"v":12,"d":"12 m"},{"v":255,"d":"255' "},{"$nulls":4},19,21,"P"]
[null,{"v":12,"d":"12 m"},{"v":270,"d":"270' "},{"$nulls":4},22,24,"P"]
[null,{"v":15,"d":"15 m"},{"v":5,"d":"5' "},{"$nulls":5},1,"A"]
[null,{"v":15,"d":"15 m"},{"v":10,"d":"10' "},{"$nulls":5},1,"B"]
[null,{"v":15,"d":"15 m"},{"v":15,"d":"15' "},{"$nulls":5},1,"C"]
[null,{"v":15,"d":"15 m"},{"v":20,"d":"20' "},{"$nulls":5},1,"C"]
[null,{"v":15,"d":"15 m"},{"v":25,"d":"25' "},{"$nulls":5},1,"D"]
[null,{"v":15,"d":"15 m"},{"v":30,"d":"30' "},{"$nulls":5},1,"E"]
[null,{"v":15,"d":"15 m"},{"v":35,"d":"35' "},{"$nulls":5},1,"E"]
[null,{"v":15,"d":"15 m"},{"v":40,"d":"40' "},{"$nulls":5},1,"F"]
[null,{"v":15,"d":"15 m"},{"v":45,"d":"45' "},{"$nulls":5},1,"G"]
[null,{"v":15,"d":"15 m"},{"v":50,"d":"50' "},{"$nulls":5},1,"G"]
[null,{"v":15,"d":"15 m"},{"v":55,"d":"55' "},{"$nulls":5},1,"H"]
[null,{"v":15,"d":"15 m"},{"v":60,"d":"60' "},{"$nulls":5},1,"H"]
[null,{"v":15,"d":"15 m"},{"v":65,"d":"65' "},{"$nulls":5},1,"I"]
[null,{"v":15,"d":"15 m"},{"v":70,"d":"70' "},{"$nulls":5},1,"I"]
[null,{"v":15,"d":"15 m"},{"v":75,"d":"75' "},{"$nulls":5},1,"J"]
[null,{"v":15,"d":"15 m"},{"v":80,"d":"80' "},{"$nulls":4},2,4,"J"]
[null,{"v":15,"d":"15 m"},{"v":85,"d":"85' "},{"$nulls":4},4,6,"K"]
[null,{"v":15,"d":"15 m"},{"v":90,"d":"90' "},{"$nulls":4},6,8,"K"]
[null,{"v":15,"d":"15 m"},{"v":95,"d":"95' "},{"$nulls":4},8,10,"L"]
[null,{"v":15,"d":"15 m"},{"v":100,"d":"100' "},{"$nulls":4},11,13,"L"]
[null,{"v":15,"d":"15 m"},{"v":105,"d":"105' "},{"$nulls":4},13,15,"L"]
[null,{"v":15,"d":"15 m"},{"v":110,"d":"110' "},{"$nulls":4},15,17,"M"]
[null,{"v":15,"d":"15 m"},{"v":115,"d":"115' "},{"$nulls":4},17,19,"M"]
[null,{"v":15,"d":"15 m"},{"v":120,"d":"120' "},{"$nulls":4},18,20,"M"]
[null,{"v":18,"d":"18 m"},{"v":5,"d":"5' "},{"$nulls":5},2,"B"]
[null,{"v":18,"d":"18 m"},{"v":10,"d":"10' "},{"$nulls":5},2,"B"]
[null,{"v":18,"d":"18 m"},{"v":15,"d":"15' "},{"$nulls":5},2,"C"]
[null,{"v":18,"d":"18 m"},{"v":20,"d":"20' "},{"$nulls":5},2,"D"]
[null,{"v":18,"d":"18 m"},{"v":25,"d":"25' "},{"$nulls":5},2,"E"]
[null,{"v":18,"d":"18 m"},{"v":30,"d":"30' "},{"$nulls":5},2,"F"]
[null,{"v":18,"d":"18 m"},{"v":35,"d":"35' "},{"$nulls":5},2,"F"]
[null,{"v":18,"d":"18 m"},{"v":40,"d":"40' "},{"$nulls":5},2,"G"]
[null,{"v":18,"d":"18 m"},{"v":45,"d":"45' "},{"$nulls":5},2,"H"]
[null,{"v":18,"d":"18 m"},{"v":50,"d":"50' "},{"$nulls":5},2,"H"]
[null,{"v":18,"d":"18 m"},{"v":55,"d":"55' "},{"$nulls":4},1,3,"I"]
[null,{"v":18,"d":"18 m"},{"v":60,"d":"60' "},{"$nulls":4},5,7,"J"]
[null,{"v":18,"d":"18 m"},{"v":65,"d":"65' "},{"$nulls":4},8,10,"J"]
[null,{"v":18,"d":"18 m"},{"v":70,"d":"70' "},{"$nulls":4},11,13,"K"]
[null,{"v":18,"d":"18 m"},{"v":75,"d":"75' "},{"$nulls":4},14,16,"K"]
[null,{"v":18,"d":"18 m"},{"v":80,"d":"80' "},{"$nulls":4},17,19,"L"]
[null,{"v":18,"d":"18 m"},{"v":85,"d":"85' "},{"$nulls":4},21,23,"L"]
[null,{"v":18,"d":"18 m"},{"v":90,"d":"90' "},{"$nulls":4},23,25,"M"]
[null,{"v":18,"d":"18 m"},{"v":95,"d":"95' "},{"$nulls":4},26,28,"M"]
[null,{"v":18,"d":"18 m"},{"v":100,"d":"100' "},{"$nulls":4},28,30,"M"]
[null,{"v":18,"d":"18 m"},{"v":105,"d":"105' "},{"$nulls":4},31,33,"N"]
[null,{"v":18,"d":"18 m"},{"v":110,"d":"110' "},{"$nulls":4},34,36,"N"]
[null,{"v":18,"d":"18 m"},{"v":115,"d":"115' "},{"$nulls":4},36,38,"N"]
[null,{"v":18,"d":"18 m"},{"v":120,"d":"120' "},{"$nulls":4},38,40,"O"]
[null,{"v":20,"d":"20 m"},{"v":5,"d":"5' "},{"$nulls":5},2,"B"]
[null,{"v":20,"d":"20 m"},{"v":10,"d":"10' "},{"$nulls":5},2,"B"]
[null,{"v":20,"d":"20 m"},{"v":15,"d":"15' "},{"$nulls":5},2,"D"]
[null,{"v":20,"d":"20 m"},{"v":20,"d":"20' "},{"$nulls":5},2,"D"]
[null,{"v":20,"d":"20 m"},{"v":25,"d":"25' "},{"$nulls":5},2,"E"]
[null,{"v":20,"d":"20 m"},{"v":30,"d":"30' "},{"$nulls":5},2,"F"]
[null,{"v":20,"d":"20 m"},{"v":35,"d":"35' "},{"$nulls":5},2,"G"]
[null,{"v":20,"d":"20 m"},{"v":40,"d":"40' "},{"$nulls":5},2,"H"]
[null,{"v":20,"d":"20 m"},{"v":45,"d":"45' "},{"$nulls":4},1,3,"I"]
[null,{"v":20,"d":"20 m"},{"v":50,"d":"50' "},{"$nulls":4},4,6,"I"]
[null,{"v":20,"d":"20 m"},{"v":55,"d":"55' "},{"$nulls":4},9,11,"J"]
[null,{"v":20,"d":"20 m"},{"v":60,"d":"60' "},{"$nulls":4},13,15,"K"]
[null,{"v":20,"d":"20 m"},{"v":65,"d":"65' "},{"$nulls":4},16,18,"K"]
[null,{"v":20,"d":"20 m"},{"v":70,"d":"70' "},{"$nulls":4},20,22,"L"]
[null,{"v":20,"d":"20 m"},{"v":75,"d":"75' "},{"$nulls":4},24,26,"L"]
[null,{"v":20,"d":"20 m"},{"v":80,"d":"80' "},{"$nulls":4},27,29,"M"]
[null,{"v":20,"d":"20 m"},{"v":85,"d":"85' "},{"$nulls":4},30,32,"M"]
[null,{"v":20,"d":"20 m"},{"v":90,"d":"90' "},{"$nulls":4},34,36,"M"]
[null,{"v":22,"d":"22 m"},{"v":5,"d":"5' "},{"$nulls":5},2,"B"]
[null,{"v":22,"d":"22 m"},{"v":10,"d":"10' "},{"$nulls":5},2,"C"]
[null,{"v":22,"d":"22 m"},{"v":15,"d":"15' "},{"$nulls":5},2,"D"]
[null,{"v":22,"d":"22 m"},{"v":20,"d":"20' "},{"$nulls":5},2,"E"]
[null,{"v":22,"d":"22 m"},{"v":25,"d":"25' "},{"$nulls":5},2,"F"]
[null,{"v":22,"d":"22 m"},{"v":30,"d":"30' "},{"$nulls":5},2,"G"]
[null,{"v":22,"d":"22 m"},{"v":35,"d":"35' "},{"$nulls":5},2,"H"]
[null,{"v":22,"d":"22 m"},{"v":40,"d":"40' "},{"$nulls":4},2,4,"I"]
[null,{"v":22,"d":"22 m"},{"v":45,"d":"45' "},{"$nulls":4},7,9,"I"]
[null,{"v":22,"d":"22 m"},{"v":50,"d":"50' "},{"$nulls":4},12,14,"J"]
[null,{"v":22,"d":"22 m"},{"v":55,"d":"55' "},{"$nulls":4},16,18,"K"]
[null,{"v":22,"d":"22 m"},{"v":60,"d":"60' "},{"$nulls":4},20,22,"K"]
[null,{"v":22,"d":"22 m"},{"v":65,"d":"65' "},{"$nulls":4},25,27,"L"]
[null,{"v":22,"d":"22 m"},{"v":70,"d":"70' "},{"$nulls":4},29,31,"L"]
[null,{"v":22,"d":"22 m"},{"v":75,"d":"75' "},{"$nulls":4},33,35,"M"]
[null,{"v":22,"d":"22 m"},{"v":80,"d":"80' "},{"$nulls":4},37,39,"M"]
[null,{"v":22,"d":"22 m"},{"v":85,"d":"85' "},{"$nulls":4},41,43,"N"]
[null,{"v":22,"d":"22 m"},{"v":90,"d":"90' "},{"$nulls":4},44,46,"N"]
[null,{"v":25,"d":"25 m"},{"v":5,"d":"5' "},{"$nulls":5},2,"B"]
[null,{"v":25,"d":"25 m"},{"v":10,"d":"10' "},{"$nulls":5},2,"C"]
[null,{"v":25,"d":"25 m"},{"v":15,"d":"15' "},{"$nulls":5},2,"D"]
[null,{"v":25,"d":"25 m"},{"v":20,"d":"20' "},{"$nulls":5},2,"E"]
[null,{"v":25,"d":"25 m"},{"v":25,"d":"25' "},{"$nulls":4},1,3,"F"]
[null,{"v":25,"d":"25 m"},{"v":30,"d":"30' "},{"$nulls":4},2,4,"H"]
[null,{"v":25,"d":"25 m"},{"v":35,"d":"35' "},{"$nulls":4},5,7,"I"]
[null,{"v":25,"d":"25 m"},{"v":40,"d":"40' "},{"$nulls":4},10,12,"J"]
[null,{"v":25,"d":"25 m"},{"v":45,"d":"45' "},{"$nulls":4},16,18,"J"]
[null,{"v":25,"d":"25 m"},{"v":50,"d":"50' "},{"$nulls":4},21,23,"K"]
[null,{"v":25,"d":"25 m"},{"v":55,"d":"55' "},{"$nulls":4},27,29,"L"]
[null,{"v":25,"d":"25 m"},{"v":60,"d":"60' "},{"$nulls":4},32,34,"L"]
[null,{"v":25,"d":"25 m"},{"v":65,"d":"65' "},{"$nulls":4},37,39,"M"]
[null,{"v":25,"d":"25 m"},{"v":70,"d":"70' "},{"$nulls":3},1,41,45,"M"]
[null,{"v":25,"d":"25 m"},{"v":75,"d":"75' "},{"$nulls":3},4,43,50,"N"]
[null,{"v":25,"d":"25 m"},{"v":80,"d":"80' "},{"$nulls":3},7,45,55,"N"]
[null,{"v":25,"d":"25 m"},{"v":85,"d":"85' "},{"$nulls":3},9,48,60,"O"]
[null,{"v":25,"d":"25 m"},{"v":90,"d":"90' "},{"$nulls":3},11,50,64,"O"]
[null,{"v":28,"d":"28 m"},{"v":5,"d":"5' "},{"$nulls":5},2,"B"]
[null,{"v":28,"d":"28 m"},{"v":10,"d":"10' "},{"$nulls":5},2,"D"]
[null,{"v":28,"d":"28 m"},{"v":15,"d":"15' "},{"$nulls":5},2,"E"]
[null,{"v":28,"d":"28 m"},{"v":20,"d":"20' "},{"$nulls":4},1,4,"F"]
[null,{"v":28,"d":"28 m"},{"v":25,"d":"25' "},{"$nulls":4},2,5,"G"]
[null,{"v":28,"d":"28 m"},{"v":30,"d":"30' "},{"$nulls":4},6,9,"H"]
[null,{"v":28,"d":"28 m"},{"v":35,"d":"35' "},{"$nulls":4},12,15,"I"]
[null,{"v":28,"d":"28 m"},{"v":40,"d":"40' "},{"$nulls":4},19,22,"J"]
[null,{"v":28,"d":"28 m"},{"v":45,"d":"45' "},{"$nulls":4},25,28,"K"]
[null,{"v":28,"d":"28 m"},{"v":50,"d":"50' "},{"$nulls":4},32,35,"L"]
[null,{"v":28,"d":"28 m"},{"v":55,"d":"55' "},{"$nulls":3},2,36,41,"M"]
[null,{"v":28,"d":"28 m"},{"v":60,"d":"60' "},{"$nulls":3},4,40,47,"M"]
[null,{"v":28,"d":"28 m"},{"v":65,"d":"65' "},{"$nulls":3},8,43,54,"N"]
[null,{"v":28,"d":"28 m"},{"v":70,"d":"70' "},{"$nulls":3},11,46,60,"N"]
[null,{"v":28,"d":"28 m"},{"v":75,"d":"75' "},{"$nulls":3},14,48,65,"O"]
[null,{"v":28,"d":"28 m"},{"v":80,"d":"80' "},{"$nulls":3},17,50,70,"O"]
[null,{"v":28,"d":"28 m"},{"v":85,"d":"85' "},{"$nulls":3},20,53,76,"O"]
[null,{"v":28,"d":"28 m"},{"v":90,"d":"90' "},{"$nulls":3},23,56,82,"P"]
[null,{"v":30,"d":"30 m"},{"v":5,"d":"5' "},{"$nulls":5},2,"B"]
[null,{"v":30,"d":"30 m"},{"v":10,"d":"10' "},{"$nulls":5},2,"D"]
[null,{"v":30,"d":"30 m"},{"v":15,"d":"15' "},{"$nulls":4},1,4,"E"]
[null,{"v":30,"d":"30 m"},{"v":20,"d":"20' "},{"$nulls":4},2,5,"F"]
[null,{"v":30,"d":"30 m"},{"v":25,"d":"25' "},{"$nulls":4},4,7,"H"]
[null,{"v":30,"d":"30 m"},{"v":30,"d":"30' "},{"$nulls":4},9,12,"I"]
[null,{"v":30,"d":"30 m"},{"v":35,"d":"35' "},{"$nulls":4},17,20,"J"]
[null,{"v":30,"d":"30 m"},{"v":40,"d":"40' "},{"$nulls":4},24,27,"K"]
[null,{"v":30,"d":"30 m"},{"v":45,"d":"45' "},{"$nulls":3},1,31,35,"L"]
[null,{"v":30,"d":"30 m"},{"v":50,"d":"50' "},{"$nulls":3},3,36,42,"M"]
[null,{"v":30,"d":"30 m"},{"v":55,"d":"55' "},{"$nulls":3},6,39,48,"M"]
[null,{"v":30,"d":"30 m"},{"v":60,"d":"60' "},{"$nulls":3},10,43,56,"N"]
[null,{"v":30,"d":"30 m"},{"v":65,"d":"65' "},{"$nulls":3},14,46,63,"N"]
[null,{"v":30,"d":"30 m"},{"v":70,"d":"70' "},{"$nulls":3},17,48,68,"O"]
[null,{"v":32,"d":"32 m"},{"v":5,"d":"5' "},{"$nulls":5},3,"B"]
[null,{"v":32,"d":"32 m"},{"v":10,"d":"10' "},{"$nulls":5},3,"D"]
[null,{"v":32,"d":"32 m"},{"v":15,"d":"15' "},{"$nulls":4},1,4,"E"]
[null,{"v":32,"d":"32 m"},{"v":20,"d":"20' "},{"$nulls":4},3,6,"G"]
[null,{"v":32,"d":"32 m"},{"v":25,"d":"25' "},{"$nulls":4},6,9,"H"]
[null,{"v":32,"d":"32 m"},{"v":30,"d":"30' "},{"$nulls":4},14,17,"I"]
[null,{"v":32,"d":"32 m"},{"v":35,"d":"35' "},{"$nulls":4},22,25,"K"]
[null,{"v":32,"d":"32 m"},{"v":40,"d":"40' "},{"$nulls":3},1,29,33,"K"]
[null,{"v":32,"d":"32 m"},{"v":45,"d":"45' "},{"$nulls":3},4,34,41,"L"]
[null,{"v":32,"d":"32 m"},{"v":50,"d":"50' "},{"$nulls":3},7,39,49,"M"]
[null,{"v":32,"d":"32 m"},{"v":55,"d":"55' "},{"$nulls":3},11,43,57,"N"]
[null,{"v":32,"d":"32 m"},{"v":60,"d":"60' "},{"$nulls":3},15,46,64,"N"]
[null,{"v":32,"d":"32 m"},{"v":65,"d":"65' "},{"$nulls":3},19,48,70,"O"]
[null,{"v":32,"d":"32 m"},{"v":70,"d":"70' "},{"$nulls":3},23,50,76,"O"]
[null,{"v":35,"d":"35 m"},{"v":5,"d":"5' "},{"$nulls":5},3,"C"]
[null,{"v":35,"d":"35 m"},{"v":10,"d":"10' "},{"$nulls":5},3,"D"]
[null,{"v":35,"d":"35 m"},{"v":15,"d":"15' "},{"$nulls":4},2,5,"F"]
[null,{"v":35,"d":"35 m"},{"v":20,"d":"20' "},{"$nulls":4},5,8,"H"]
[null,{"v":35,"d":"35 m"},{"v":25,"d":"25' "},{"$nulls":4},11,14,"I"]
[null,{"v":35,"d":"35 m"},{"v":30,"d":"30' "},{"$nulls":3},1,20,24,"J"]
[null,{"v":35,"d":"35 m"},{"v":35,"d":"35' "},{"$nulls":3},2,27,32,"K"]
[null,{"v":35,"d":"35 m"},{"v":40,"d":"40' "},{"$nulls":3},5,34,42,"L"]
[null,{"v":35,"d":"35 m"},{"v":45,"d":"45' "},{"$nulls":3},9,39,51,"M"]
[null,{"v":35,"d":"35 m"},{"v":50,"d":"50' "},{"$nulls":3},14,43,60,"N"]
[null,{"v":35,"d":"35 m"},{"v":55,"d":"55' "},{"$nulls":3},18,47,68,"N"]
[null,{"v":35,"d":"35 m"},{"v":60,"d":"60' "},{"$nulls":3},22,50,75,"O"]
[null,{"v":35,"d":"35 m"},{"v":65,"d":"65' "},null,null,2,26,52,84,"*"]
[null,{"v":35,"d":"35 m"},{"v":70,"d":"70' "},null,null,4,28,57,93,"*"]
[null,{"v":38,"d":"38 m"},{"v":5,"d":"5' "},{"$nulls":5},3,"C"]
[null,{"v":38,"d":"38 m"},{"v":10,"d":"10' "},{"$nulls":4},1,4,"E"]
[null,{"v":38,"d":"38 m"},{"v":15,"d":"15' "},{"$nulls":4},4,7,"F"]
[null,{"v":38,"d":"38 m"},{"v":20,"d":"20' "},{"$nulls":4},8,11,"H"]
[null,{"v":38,"d":"38 m"},{"v":25,"d":"25' "},{"$nulls":3},1,16,21,"J"]
[null,{"v":38,"d":"38 m"},{"v":30,"d":"30' "},{"$nulls":3},3,24,31,"K"]
[null,{"v":38,"d":"38 m"},{"v":35,"d":"35' "},{"$nulls":3},5,33,42,"L"]
[null,{"v":38,"d":"38 m"},{"v":40,"d":"40' "},{"$nulls":3},10,38,52,"M"]
[null,{"v":38,"d":"38 m"},{"v":45,"d":"45' "},{"$nulls":3},15,43,62,"N"]
[null,{"v":38,"d":"38 m"},{"v":50,"d":"50' "},{"$nulls":3},20,47,71,"N"]
[null,{"v":38,"d":"38 m"},{"v":55,"d":"55' "},null,null,2,23,50,79,"O"]
[null,{"v":38,"d":"38 m"},{"v":60,"d":"60' "},null,null,5,27,53,89,"P"]
[null,{"v":38,"d":"38 m"},{"v":65,"d":"65' "},null,null,8,29,58,99,"*"]
[null,{"v":38,"d":"38 m"},{"v":70,"d":"70' "},null,null,11,31,62,108,"*"]
[null,{"v":40,"d":"40 m"},{"v":5,"d":"5' "},{"$nulls":5},3,"C"]
[null,{"v":40,"d":"40 m"},{"v":10,"d":"10' "},{"$nulls":4},2,5,"E"]
[null,{"v":40,"d":"40 m"},{"v":15,"d":"15' "},{"$nulls":4},4,7,"G"]
[null,{"v":40,"d":"40 m"},{"v":20,"d":"20' "},{"$nulls":3},1,9,14,"H"]
[null,{"v":40,"d":"40 m"},{"v":25,"d":"25' "},{"$nulls":3},2,19,25,"J"]
[null,{"v":40,"d":"40 m"},{"v":30,"d":"30' "},{"$nulls":3},4,28,36,"K"]
[null,{"v":40,"d":"40 m"},{"v":35,"d":"35' "},{"$nulls":3},8,35,47,"L"]
[null,{"v":40,"d":"40 m"},{"v":40,"d":"40' "},{"$nulls":3},13,40,57,"M"]
[null,{"v":40,"d":"40 m"},{"v":45,"d":"45' "},null,null,1,18,45,68,"N"]
[null,{"v":40,"d":"40 m"},{"v":50,"d":"50' "},null,null,2,23,48,77,"O"]
[null,{"v":40,"d":"40 m"},{"v":55,"d":"55' "},null,null,5,26,52,87,"O"]
[null,{"v":40,"d":"40 m"},{"v":60,"d":"60' "},null,null,8,29,57,98,"P"]
[null,{"v":40,"d":"40 m"},{"v":65,"d":"65' "},null,null,12,31,61,108,"*"]
[null,{"v":40,"d":"40 m"},{"v":70,"d":"70' "},null,null,15,33,66,118,"*"]
[null,{"v":42,"d":"42 m"},{"v":5,"d":"5' "},{"$nulls":5},3,"C"]
[null,{"v":42,"d":"42 m"},{"v":10,"d":"10' "},{"$nulls":4},2,6,"E"]
[null,{"v":42,"d":"42 m"},{"v":15,"d":"15' "},{"$nulls":4},5,9,"G"]
[null,{"v":42,"d":"42 m"},{"v":20,"d":"20' "},{"$nulls":3},1,12,17,"I"]
[null,{"v":42,"d":"42 m"},{"v":25,"d":"25' "},{"$nulls":3},3,22,29,"J"]
[null,{"v":42,"d":"42 m"},{"v":30,"d":"30' "},{"$nulls":3},6,31,41,"L"]
[null,{"v":42,"d":"42 m"},{"v":35,"d":"35' "},{"$nulls":3},11,37,52,"M"]
[null,{"v":42,"d":"42 m"},{"v":40,"d":"40' "},null,null,1,16,43,64,"N"]
[null,{"v":42,"d":"42 m"},{"v":45,"d":"45' "},null,null,3,21,47,75,"*"]
[null,{"v":42,"d":"42 m"},{"v":50,"d":"50' "},null,null,6,24,50,84,"*"]
[null,{"v":42,"d":"42 m"},{"v":55,"d":"55' "},null,null,8,29,55,96,"*"]
[null,{"v":42,"d":"42 m"},{"v":60,"d":"60' "},null,null,13,30,60,107,"*"]
[null,{"v":45,"d":"45 m"},{"v":5,"d":"5' "},{"$nulls":5},3,"C"]
[null,{"v":45,"d":"45 m"},{"v":10,"d":"10' "},{"$nulls":4},3,7,"F"]
[null,{"v":45,"d":"45 m"},{"v":15,"d":"15' "},{"$nulls":3},1,6,11,"H"]
[null,{"v":45,"d":"45 m"},{"v":20,"d":"20' "},{"$nulls":3},3,15,22,"I"]
[null,{"v":45,"d":"45 m"},{"v":25,"d":"25' "},{"$nulls":3},5,25,34,"K"]
[null,{"v":45,"d":"45 m"},{"v":30,"d":"30' "},{"$nulls":3},9,35,48,"L"]
[null,{"v":45,"d":"45 m"},{"v":35,"d":"35' "},null,null,1,15,40,60,"M"]
[null,{"v":45,"d":"45 m"},{"v":40,"d":"40' "},null,null,3,20,46,73,"N"]
[null,{"v":45,"d":"45 m"},{"v":45,"d":"45' "},null,null,6,24,50,84,"*"]
[null,{"v":45,"d":"45 m"},{"v":50,"d":"50' "},null,null,10,28,54,96,"*"]
[null,{"v":45,"d":"45 m"},{"v":55,"d":"55' "},null,null,14,30,60,108,"*"]
[null,{"v":45,"d":"45 m"},{"v":60,"d":"60' "},null,1,18,32,65,121,"*"]
[null,{"v":48,"d":"48 m"},{"v":5,"d":"5' "},{"$nulls":5},4,"D"]
[null,{"v":48,"d":"48 m"},{"v":10,"d":"10' "},{"$nulls":4},4,8,"F"]
[null,{"v":48,"d":"48 m"},{"v":15,"d":"15' "},{"$nulls":3},2,7,13,"H"]
[null,{"v":48,"d":"48 m"},{"v":20,"d":"20' "},{"$nulls":3},4,19,27,"J"]
[null,{"v":48,"d":"48 m"},{"v":25,"d":"25' "},{"$nulls":3},7,30,41,"K"]
[null,{"v":48,"d":"48 m"},{"v":30,"d":"30' "},null,null,1,12,37,55,"M"]
[null,{"v":48,"d":"48 m"},{"v":35,"d":"35' "},null,null,3,18,44,70,"N"]
[null,{"v":48,"d":"48 m"},{"v":40,"d":"40' "},null,null,6,23,48,82,"O"]
[null,{"v":48,"d":"48 m"},{"v":45,"d":"45' "},null,null,10,27,53,95,"*"]
[null,{"v":48,"d":"48 m"},{"v":50,"d":"50' "},null,1,14,30,59,109,"*"]
[null,{"v":48,"d":"48 m"},{"v":55,"d":"55' "},null,2,18,32,64,121,"*"]
[null,{"v":48,"d":"48 m"},{"v":60,"d":"60' "},null,5,19,36,70,135,"*"]
[null,{"v":50,"d":"50 m"},{"v":5,"d":"5' "},{"$nulls":4},1,5,"D"]
[null,{"v":50,"d":"50 m"},{"v":10,"d":"10' "},{"$nulls":4},4,8,"F"]
[null,{"v":50,"d":"50 m"},{"v":15,"d":"15' "},{"$nulls":3},2,9,15,"H"]
[null,{"v":50,"d":"50 m"},{"v":20,"d":"20' "},{"$nulls":3},4,22,30,"J"]
[null,{"v":50,"d":"50 m"},{"v":25,"d":"25' "},null,null,1,8,32,46,"L"]
[null,{"v":50,"d":"50 m"},{"v":30,"d":"30' "},null,null,2,14,39,60,"M"]
[null,{"v":50,"d":"50 m"},{"v":35,"d":"35' "},null,null,5,20,45,75,"N"]
[null,{"v":50,"d":"50 m"},{"v":40,"d":"40' "},null,null,9,24,50,88,"O"]
[null,{"v":50,"d":"50 m"},{"v":45,"d":"45' "},null,1,12,29,55,102,"*"]
[null,{"v":50,"d":"50 m"},{"v":50,"d":"50' "},null,2,17,30,62,116,"*"]
[null,{"v":50,"d":"50 m"},{"v":55,"d":"55' "},null,5,19,34,67,130,"*"]
[null,{"v":52,"d":"52 m"},{"v":5,"d":"5' "},{"$nulls":4},1,5,"D"]
[null,{"v":52,"d":"52 m"},{"v":10,"d":"10' "},{"$nulls":3},1,4,10,"F"]
[null,{"v":52,"d":"52 m"},{"v":15,"d":"15' "},{"$nulls":3},3,10,18,"I"]
[null,{"v":52,"d":"52 m"},{"v":20,"d":"20' "},null,null,1,5,23,34,"K"]
[null,{"v":52,"d":"52 m"},{"v":25,"d":"25' "},null,null,2,9,34,50,"L"]
[null,{"v":52,"d":"52 m"},{"v":30,"d":"30' "},null,null,4,15,41,65,"M"]
[null,{"v":52,"d":"52 m"},{"v":35,"d":"35' "},null,null,6,22,47,80,"O"]
[null,{"v":52,"d":"52 m"},{"v":40,"d":"40' "},null,1,10,26,52,94,"O"]
[null,{"v":52,"d":"52 m"},{"v":45,"d":"45' "},null,2,15,29,59,110,"*"]
[null,{"v":52,"d":"52 m"},{"v":50,"d":"50' "},null,5,17,32,64,123,"*"]
[null,{"v":52,"d":"52 m"},{"v":55,"d":"55' "},null,8,19,36,71,139,"*"]
[null,{"v":55,"d":"55 m"},{"v":5,"d":"5' "},{"$nulls":4},1,5,"D"]
[null,{"v":55,"d":"55 m"},{"v":10,"d":"10' "},{"$nulls":3},1,5,11,"G"]
[null,{"v":55,"d":"55 m"},{"v":15,"d":"15' "},{"$nulls":3},4,13,22,"I"]
[null,{"v":55,"d":"55 m"},{"v":20,"d":"20' "},null,null,1,6,27,39,"K"]
[null,{"v":55,"d":"55 m"},{"v":25,"d":"25' "},null,null,3,11,37,56,"M"]
[null,{"v":55,"d":"55 m"},{"v":30,"d":"30' "},null,null,6,18,44,73,"N"]
[null,{"v":55,"d":"55 m"},{"v":35,"d":"35' "},null,1,9,23,50,88,"O"]
[null,{"v":55,"d":"55 m"},{"v":40,"d":"40' "},null,3,12,29,55,104,"P"]
[null,{"v":55,"d":"55 m"},{"v":45,"d":"45' "},null,5,17,31,62,120,"*"]
[null,{"v":55,"d":"55 m"},{"v":50,"d":"50' "},null,8,19,35,69,136,"*"]
[null,{"v":55,"d":"55 m"},{"v":55,"d":"55' "},null,12,22,37,76,152,"*"]
[null,{"v":58,"d":"58 m"},{"v":5,"d":"5' "},{"$nulls":4},2,7,"D"]
[null,{"v":58,"d":"58 m"},{"v":10,"d":"10' "},{"$nulls":3},2,5,12,"G"]
[null,{"v":58,"d":"58 m"},{"v":15,"d":"15' "},null,null,1,4,16,26,"J"]
[null,{"v":58,"d":"58 m"},{"v":20,"d":"20' "},null,null,2,7,30,44,"K"]
[null,{"v":58,"d":"58 m"},{"v":25,"d":"25' "},null,null,4,13,40,62,"M"]
[null,{"v":58,"d":"58 m"},{"v":30,"d":"30' "},null,1,7,21,46,81,"N"]
[null,{"v":58,"d":"58 m"},{"v":35,"d":"35' "},null,2,11,26,52,97,"O"]
[null,{"v":58,"d":"58 m"},{"v":40,"d":"40' "},null,5,15,30,59,115,"P"]
[null,{"v":58,"d":"58 m"},{"v":45,"d":"45' "},null,8,18,33,66,131,"*"]
[null,{"v":58,"d":"58 m"},{"v":50,"d":"50' "},1,11,21,37,74,150,"*"]
[null,{"v":58,"d":"58 m"},{"v":55,"d":"55' "},3,14,23,39,83,168,"*"]
[null,{"v":60,"d":"60 m"},{"v":5,"d":"5' "},{"$nulls":4},2,7,"D"]
[null,{"v":60,"d":"60 m"},{"v":10,"d":"10' "},{"$nulls":3},2,6,13,"G"]
[null,{"v":60,"d":"60 m"},{"v":15,"d":"15' "},null,null,1,4,19,29,"J"]
[null,{"v":60,"d":"60 m"},{"v":20,"d":"20' "},null,null,3,8,32,48,"L"]
[null,{"v":60,"d":"60 m"},{"v":25,"d":"25' "},null,null,5,15,41,66,"M"]
[null,{"v":60,"d":"60 m"},{"v":30,"d":"30' "},null,1,8,22,48,85,"O"]
[null,{"v":60,"d":"60 m"},{"v":35,"d":"35' "},null,4,11,28,54,103,"P"]
[null,{"v":60,"d":"60 m"},{"v":40,"d":"40' "},null,6,17,30,62,121,"P"]
[null,{"v":60,"d":"60 m"},{"v":45,"d":"45' "},1,9,19,35,69,139,"*"]
[null,{"v":60,"d":"60 m"},{"v":50,"d":"50' "},2,13,22,37,78,158,"*"]
[null,{"v":60,"d":"60 m"},{"v":55,"d":"55' "},5,15,24,40,88,178,"*"]
[null,{"v":62,"d":"62 m"},{"v":5,"d":"5' "},{"$nulls":4},2,7,"*"]
[null,{"v":62,"d":"62 m"},{"v":10,"d":"10' "},{"$nulls":3},2,7,14,"*"]
[null,{"v":62,"d":"62 m"},{"v":15,"d":"15' "},null,null,1,5,21,33,"*"]
[null,{"v":65,"d":"65 m"},{"v":5,"d":"5' "},{"$nulls":4},3,8,"*"]
[null,{"v":65,"d":"65 m"},{"v":10,"d":"10' "},{"$nulls":3},3,8,16,"*"]
[null,{"v":65,"d":"65 m"},{"v":15,"d":"15' "},null,null,2,5,24,37,"*"]
[]
[]
[]
[null,"Prof","Profondeur maximum atteinte au cours de la plongée"]
[]
[null,"Durée","Temps écoulé entre l'immersion et la décision de remonter"]
[]
[null,"3 m - 6 m - 9 m\n12 m - 15 m",null,null,"Niveaux des paliers"]
[]
[null,"DTR","Durée totale de remontée (Hors durée paliers)"]
[]
[null,"GPS","Groupe de plongées successives"]

{"sheet":"Azote Résiduel","index":3,"n_rows":28,"n_cols":28,"rows_kept":28,"hidden":true,"merged":[[1,1,3,8],[6,3,6,4],[6,6,6,7],[10,2,10,27]]}
[]
[null,"NE PAS MODIFIER CES TABLEAUX"]
[]
[]
[]
[null,null,"GPS","Intervalle 2",null,"N2","Intervalle réel",null,null,"Type plongée II"]
[null,null,{"$f":"Calculs!$I$11","v":""},{"$f":"IF(G7=\"\",\"\",INDEX($B$12:$AB$12,MATCH(G7,$B$12:$AB$12)))","v":""},null,{"$f":"IF(OR(C7=\"\",D7=\"\"),\"\",HLOOKUP(D7,$B$12:$AB$28,MATCH($C$7,$B$12:$B$28,0)))","v":""},{"$f":"Calculs!$G$17","v":""},null,null,{"$f":"IF(AND(Données!I10=\"\",OR(Calculs!B17=\"\",_Dur2=\"\")),\"\",IF(Données!I10=\"\",\"Manque Heure Début\",IF(G7=\"Pas sorti\",\"Pas sorti\",IF($G$7<$C$12,\"( C O N S E C U T I V E )\",IF($G$7>$AB$12,\"( S I M P L E )\",\"( S U C C E S S I V E )\")))))","v":""}]
[]
[null,"TABLEAU I",null,"ÉVOLUTION   DE   L'AZOTE   RÉSIDUEL   ENTRE   DEUX   PLONGÉES"]
[]
[null,null,"INTERVALLES   DE   SURFACES"]
[null,"GPS","00:15:00","00:30:00","00:45:00","01:00:00","01:30:00","02:00:00","02:30:00","03:00:00","03:30:00","04:00:00","04:30:00","05:00:00","05:30:00","06:00:00","06:30:00","07:00:00","07:30:00","08:00:00","08:30:00","09:00:00","09:30:00","10:00:00","10:30:00","11:00:00","11:30:00","12:00:00"]
[null,"A",0.84,0.83,0.83,0.83,0.82,0.82,0.82,0.81,0.81,0.81,0.81,0.81,0.81,0.81]
[null,"B",0.88,0.88,0.87,0.86,0.85,0.85,0.84,0.83,0.83,0.82,0.82,0.82,0.81,0.81,0.81,0.81,0.81,0.81]
[null,"C",0.92,0.91,{"v":0.9,"d":"0.90"},0.89,0.88,0.87,0.85,0.85,0.84,0.83,0.83,0.82,0.82,0.82,0.81,0.81,0.81,0.81,0.81,0.81]
[null,"D",0.97,0.95,0.94,0.93,0.91,0.89,0.88,0.86,0.85,0.85,0.84,0.83,0.83,0.82,0.82,0.82,0.81,0.81,0.81,0.81,0.81,0.81]
[null,"E",{"v":1,"d":"1.00"},0.98,0.97,0.96,0.93,0.91,0.89,0.88,0.87,0.86,0.85,0.84,0.83,0.83,0.82,0.82,0.82,0.81,0.81,0.81,0.81,0.81,0.81]
[null,"F",1.05,1.03,1.01,0.99,0.96,0.94,0.91,{"v":0.9,"d":"0.90"},0.88,0.87,0.86,0.85,0.84,0.83,0.83,0.82,0.82,0.82,0.81,0.81,0.81,0.81,0.81,0.81]
[null,"G",1.08,1.06,1.04,1.02,0.98,0.96,0.93,0.91,0.89,0.88,0.87,0.85,0.85,0.84,0.83,0.83,0.82,0.82,0.82,0.81,0.81,0.81,0.81,0.81,0.81]
[null,"H",1.13,{"v":1.1,"d":"1.10"},1.08,1.05,1.01,0.98,0.95,0.93,0.91,0.89,0.88,0.86,0.85,0.85,0.84,0.83,0.83,0.82,0.82,0.82,0.81,0.81,0.81,0.81,0.81]
[null,"I",1.17,1.14,1.11,1.08,1.04,{"v":1,"d":"1.00"},0.97,0.94,0.92,{"v":0.9,"d":"0.90"},0.88,0.87,0.86,0.85,0.84,0.84,0.83,0.83,0.82,0.82,0.81,0.81,0.81,0.81,0.81,0.81]
[null,"J",{"v":1.2,"d":"1.20"},1.17,1.14,1.11,1.06,1.02,0.98,0.96,0.93,0.91,0.89,0.88,0.87,0.86,0.85,0.84,0.83,0.83,0.82,0.82,0.82,0.81,0.81,0.81,0.81,0.81]
[null,"K",1.25,1.21,1.18,1.15,1.09,1.04,1.01,0.97,0.95,0.92,{"v":0.9,"d":"0.90"},0.89,0.87,0.86,0.85,0.84,0.84,0.83,0.83,0.82,0.82,0.82,0.81,0.81,0.81,0.81]
[null,"L",1.29,1.25,1.21,1.17,1.12,1.07,1.02,0.99,0.96,0.93,0.91,0.89,0.88,0.87,0.86,0.85,0.84,0.83,0.83,0.82,0.82,0.82,0.81,0.81,0.81,0.81]
[null,"M",1.33,1.29,1.25,1.21,1.14,1.09,1.04,1.01,0.97,0.94,0.92,{"v":0.9,"d":"0.90"},0.89,0.87,0.86,0.85,0.84,0.84,0.83,0.83,0.82,0.82,0.82,0.81,0.81,0.81]
[null,"N",1.37,1.32,1.28,1.24,1.17,1.11,1.06,1.02,0.98,0.95,0.93,0.91,0.89,0.88,0.87,0.85,0.85,0.84,0.83,0.83,0.82,0.82,0.82,0.81,0.81,0.81]
[null,"O",1.41,1.36,1.32,1.27,{"v":1.2,"d":"1.20"},1.13,1.08,1.04,{"v":1,"d":"1.00"},0.97,0.94,0.92,{"v":0.9,"d":"0.90"},0.88,0.87,0.86,0.85,0.84,0.84,0.83,0.82,0.82,0.82,0.81,0.81,0.81]
[null,"P",1.45,{"v":1.4,"d":"1.40"},1.35,{"v":1.3,"d":"1.30"},1.22,1.15,{"v":1.1,"d":"1.10"},1.05,1.01,0.98,0.95,0.93,0.91,0.89,0.87,0.86,0.85,0.84,0.84,0.83,0.83,0.82,0.82,0.82,0.81,0.81]

{"sheet":"Majoration","index":4,"n_rows":31,"n_cols":22,"rows_kept":31,"hidden":true,"merged":[[1,1,3,8],[5,5,5,6]]}
[]
[null,"NE PAS MODIFIER CES TABLEAUX"]
[]
[]
[]
[null,"N2",null,"Prof 2",null,"Majoration",null,null,"N2"]
[null,{"$f":"IF(I7=\"\",\"\",IF(ISERROR(MATCH($I$7,B13:B31,0)),INDEX(B13:B31,MATCH($I$7,B13:B31,1)+1),INDEX(B13:B31,MATCH($I$7,B13:B31,1))))","v":""},null,{"$f":"Calculs!$B$20","v":""},null,{"$f":"IF($I$7=\"\",\"\",HLOOKUP($D$7,$B$13:$V$31,MATCH($B$7,$B$13:$B$31,0))/1440)","v":""},{"$f":"IF($I$7=\"\",0,HLOOKUP($D$7,$B$13:$V$31,MATCH($B$7,$B$13:$B$31,0)))","v":0},null,{"$f":"IF('Azote Résiduel'!$F$7<0.82,0.82,'Azote Résiduel'!$F$7)","v":""}]
[]
[]
[null,"TABLEAU II",null,"DÉTERMINATION   DE   LA   MAJORATION   EN   MINUTES"]
[]
[null,"Azote résiduel     PROFONDEUR   DE   LA   DEUXIÈME   PLONGÉE"]
[null,"N2",{"v":12,"d":"12 m"},{"v":15,"d":"15 m"},{"v":18,"d":"18 m"},{"v":20,"d":"20 m"},{"v":22,"d":"22 m"},{"v":25,"d":"25 m"},{"v":28,"d":"28 m"},{"v":30,"d":"30 m"},{"v":32,"d":"32 m"},{"v":35,"d":"35 m"},{"v":38,"d":"38 m"},{"v":40,"d":"40 m"},{"v":42,"d":"42 m"},{"v":45,"d":"45 m"},{"v":48,"d":"48 m"},{"v":50,"d":"50 m"},{"v":52,"d":"52 m"},{"v":55,"d":"55 m"},{"v":58,"d":"58 m"},{"v":60,"d":"60 m"}]
[null,0.82,4,3,2,2,2,2,2,1,1,1,1,1,1,1,1,1,1,1,1,1]
[null,0.84,7,6,5,4,4,3,3,3,3,2,2,2,2,2,2,2,2,2,1,1]
[null,0.86,11,9,7,7,6,5,5,4,4,4,3,3,3,3,3,3,3,2,2,2]
[null,0.89,17,13,11,10,9,8,7,7,6,6,5,5,5,4,4,4,4,4,3,3]
[null,0.92,23,18,15,13,12,11,10,9,8,8,7,7,6,6,5,5,5,5,5,4]
[null,0.95,29,23,19,17,15,13,12,11,10,10,9,8,8,7,7,7,6,6,6,5]
[null,0.99,38,30,24,22,20,17,15,14,13,12,11,11,10,9,9,8,8,8,7,7]
[null,1.03,47,37,30,27,24,21,19,17,16,15,14,13,12,11,11,10,10,9,9,9]
[null,1.07,57,44,36,32,29,25,22,21,19,18,16,15,15,13,13,12,12,11,10,10]
[null,1.11,68,52,42,37,34,29,26,24,22,20,19,18,17,16,15,14,13,13,12,12]
[null,1.16,81,62,50,44,40,34,30,28,26,24,22,21,20,18,17,16,16,15,14,13]
[null,{"v":1.2,"d":"1.20"},93,70,56,50,45,39,34,32,29,27,24,23,22,20,19,18,18,17,16,15]
[null,1.24,106,79,63,56,50,43,38,35,33,30,27,26,24,23,21,20,19,18,17,17]
[null,1.29,124,91,72,63,56,49,43,40,37,33,30,29,27,25,24,23,22,20,19,19]
[null,1.33,139,101,79,70,62,53,47,43,40,36,33,31,30,28,26,25,24,22,21,20]
[null,1.38,160,114,89,78,69,59,52,48,44,40,37,35,33,30,28,27,26,24,23,22]
[null,1.42,180,126,97,85,75,64,56,52,48,43,39,37,35,33,30,29,28,26,25,24]
[null,1.45,196,138,104,90,80,68,59,55,51,46,42,39,37,34,32,31,29,28,26,25]

{"sheet":"Oxygene","index":5,"n_rows":26,"n_cols":17,"rows_kept":26,"hidden":true,"merged":[[1,1,3,8]]}
[]
[null,"NE PAS MODIFIER CES TABLEAUX"]
[]
[]
[]
[null,"TABLEAU III"]
[null,"DIMINUTION   DE   L'AZOTE   RÉSIDUEL   PAR   INHALATION   D'OXYGÈNE   PUR   EN   SURFACE"]
[]
[null,"Groupe de Plongées Successives     Équivalent Azote Résiduel     DURÉE   DE   L'INHALATION   D'OXYGÈNE"]
[null,null,"15min","30 min","45min","1h00","1h15","1h30","1h45","2h00","2h15","2h30","2h45","3h00","3h15","3h30"]
[null,"A",0.84,{"v":0.8,"d":"0.80"}]
[null,"B",0.89,0.85,0.82,0.79]
[null,"C",0.93,0.89,0.85,0.82,0.79]
[null,"D",0.98,0.94,{"v":0.9,"d":"0.90"},0.86,0.82,{"v":0.8,"d":"0.80"}]
[null,"E",1.02,0.98,0.94,{"v":0.9,"d":"0.90"},0.86,0.82,{"v":0.8,"d":"0.80"}]
[null,"F",1.07,1.02,0.98,0.94,{"v":0.9,"d":"0.90"},0.86,0.82,{"v":0.8,"d":"0.80"}]
[null,"G",1.11,1.06,1.02,0.97,0.93,{"v":0.9,"d":"0.90"},0.86,0.82,{"v":0.8,"d":"0.80"}]
[null,"H",1.16,1.11,1.06,1.02,0.97,0.93,0.89,0.86,0.82,{"v":0.8,"d":"0.80"}]
[null,"I",{"v":1.2,"d":"1.20"},1.15,{"v":1.1,"d":"1.10"},1.05,1.01,0.97,0.93,0.89,0.85,0.81,{"v":0.8,"d":"0.80"}]
[null,"J",1.24,1.19,1.14,1.09,1.04,{"v":1,"d":"1.00"},0.96,0.92,0.89,0.86,0.81,0.79]
[null,"K",1.29,1.24,1.18,1.13,1.08,1.04,0.99,0.95,0.91,0.87,0.84,{"v":0.8,"d":"0.80"}]
[null,"L",1.33,1.27,1.22,1.17,1.12,1.07,1.03,0.99,0.94,0.91,0.86,0.83,0.79]
[null,"M",1.38,1.32,1.27,1.21,1.16,1.11,1.06,1.02,0.98,0.93,0.89,0.86,0.82,0.79]
[null,"N",1.42,1.36,{"v":1.3,"d":"1.30"},1.25,1.19,1.14,1.09,1.05,{"v":1,"d":"1.00"},0.96,0.92,0.88,0.84,0.81,0.79]
[null,"O",1.47,1.41,1.35,1.29,1.24,1.19,1.13,1.09,1.04,{"v":1,"d":"1.00"},0.95,0.91,0.88,0.84,{"v":0.8,"d":"0.80"}]
[null,"P",1.51,1.45,1.38,1.33,1.27,1.22,1.16,1.11,1.07,1.02,0.98,0.94,{"v":0.9,"d":"0.90"},0.86,0.82]

{"sheet":"Remontée","index":6,"n_rows":20,"n_cols":27,"rows_kept":20,"hidden":true,"merged":[[1,1,3,7]]}
[]
[null,"NE PAS MODIFIER CES TABLEAUX"]
[]
[]
[]
[null,"Premier Palier","Prof","Ligne","Durée R"]
[null,{"$f":"IF(Calculs!$D$11<>\"\",Calculs!$D$10,IF(Calculs!$E$11<>\"\",Calculs!$E$10,IF(Calculs!$F$11<>\"\",Calculs!$F$10,IF(Calculs!$G$11<>\"\",Calculs!$G$10,IF(Calculs!$H$11<>\"\",Calculs!$H$10,\"Sans palier\")))))","v":"Sans palier"},{"$f":"Calculs!$B$11","v":""},{"$f":"MATCH($B$7,$B$14:$B$20,0)","v":2},{"$f":"HLOOKUP($C$7,$B$14:$AA$20,D7)/1440","v":{"$error":"#N/A"}}]
[]
[null,"Premier Palier","Prof","Ligne","Durée R"]
[null,{"$f":"IF(Calculs!$F$20<>\"\",Calculs!$F$19,IF(Calculs!$G$20<>\"\",Calculs!$G$19,IF(Calculs!$H$20<>\"\",Calculs!$H$19,IF(Calculs!$I$20<>\"\",Calculs!$I$19,IF(Calculs!$J$20<>\"\",Calculs!$J$19,\"Sans palier\")))))","v":"Sans palier"},{"$f":"Calculs!$B$20","v":""},{"$f":"MATCH($B$10,$B$14:$B$20,0)","v":2},{"$f":"HLOOKUP($C$10,$B$14:$AA$20,D10)/1440","v":{"$error":"#N/A"}}]
[]
[null,"TABLEAU IV","DURÉE   DE   REMONTÉE   JUSQU'AU   PREMIER   PALIER   PLUS   TEMPS   INTER PALIERS"]
[]
[null,"Premier Palier",{"v":6,"d":"6 m"},{"v":8,"d":"8 m"},{"v":10,"d":"10 m"},{"v":12,"d":"12 m"},{"v":15,"d":"15 m"},{"v":18,"d":"18 m"},{"v":20,"d":"20 m"},{"v":22,"d":"22 m"},{"v":25,"d":"25 m"},{"v":28,"d":"28 m"},{"v":30,"d":"30 m"},{"v":32,"d":"32 m"},{"v":35,"d":"35 m"},{"v":38,"d":"38 m"},{"v":40,"d":"40 m"},{"v":42,"d":"42 m"},{"v":45,"d":"45 m"},{"v":48,"d":"48 m"},{"v":50,"d":"50 m"},{"v":52,"d":"52 m"},{"v":55,"d":"55 m"},{"v":58,"d":"58 m"},{"v":60,"d":"60 m"},{"v":62,"d":"62 m"},{"v":65,"d":"65 m"}]
[null,"Sans palier",1,1,1,1,1,2,2,2,2,2,2,3,3,3,3,3,3,4,4,4,4,4,4,5,5]
[null,"3 m",1,1,1,2,2,2,2,2,2,3,3,3,3,3,3,4,4,4,4,4,4,5,5,5,5]
[null,"6 m",1,2,2,2,2,2,2,3,3,3,3,3,3,4,4,4,4,4,4,5,5,5,5,5,5]
[null,"9 m",null,null,2,2,2,3,3,3,3,3,3,4,4,4,4,4,4,5,5,5,5,5,5,6,6]
[null,"12 m",{"$nulls":3},2,3,3,3,3,3,4,4,4,4,4,4,4,5,5,5,5,5,6,6,6,6]
[null,"15 m",{"$nulls":4},3,3,3,3,4,4,4,4,4,5,5,5,5,5,5,5,6,6,6,6,6]